e prime factors of j(0).
2, 6719
Let l(m) = 7*m**2 + 65*m + 477. List the prime factors of l(61).
3, 10163
Suppose 31*w - 1030886 - 812839 = 0. List the prime factors of w.
3, 5, 13, 61
Let p be ((-9)/(27/102))/(-1). Let d = p - 29. Suppose d*k - 710 + 290 = 0. List the prime factors of k.
2, 3, 7
Suppose 31*u = 17*u - 11648. Let m = 1836 + u. What are the prime factors of m?
2, 251
Let p(m) be the first derivative of -m**4/4 - 13*m**3/3 - 9*m**2/2 - m - 30. Let r be p(-12). Let u = r - -156. What are the prime factors of u?
7, 17
Let b(k) = 42*k**2 + 48*k - 244. List the prime factors of b(9).
2, 5, 359
Let c(v) = 4*v**2 - 5*v - 18. Let x(i) = 7*i**2 - 11*i - 36. Let p(f) = -5*c(f) + 3*x(f). List the prime factors of p(-8).
2, 5, 11
Suppose w = -3*d + 17, -2*w + 5 = d - 19. Let i(f) = 3 + 17*f + w + f**2 + f**2 + 0. List the prime factors of i(-12).
2, 7
Let t be (120/(-21))/((-4)/14). Suppose -4*c = -4*b - t, 0*b - 2*b = -c + 14. List the prime factors of 2185/25 - b/15.
2, 11
Suppose -14*w - 3691 = 537. Let p = 1 - w. List the prime factors of p.
3, 101
Let c(i) = 65*i**3 + 4*i**2 - 66*i - 10. List the prime factors of c(7).
97, 227
Let v = 196 + -196. Suppose -6*f + 7*f + 3*k - 727 = v, 4*k + 2194 = 3*f. What are the prime factors of f?
2, 5, 73
List the prime factors of (-9 + 2 - -5273)/1.
2, 2633
List the prime factors of 11 + 48/16*307.
2, 233
Let t(l) = 5*l**2 + 18*l - 4. Let h(c) = c**2. Let w(n) = -6*h(n) + t(n). Let b be w(16). List the prime factors of (8*7/b)/((-1)/(-3)).
2, 3
Suppose 2*n = 55 + 187. Suppose 3*y - 127 = -n. Suppose -y*q = -11 - 23. List the prime factors of q.
17
Suppose 44*a - 20 = 48*a, 196 = 2*q + 2*a. What are the prime factors of q?
103
Suppose -5*v - 19800 - 3676 = -3*t, 4*t = 3*v + 31316. What are the prime factors of t?
2, 11, 89
Suppose -35456 = -5*z + 4*g, g - 106316 = 12*z - 27*z. List the prime factors of z.
2, 443
Let c(q) = 6*q - 57. Let m(n) = -17*n + 170. Let a(b) = b**2 + 3*b - 14. Let y be a(-6). Let u(z) = y*m(z) + 11*c(z). List the prime factors of u(-26).
3, 5, 7
Let k = 3 + -3. Suppose 10*z + 1325 - 3835 = k. List the prime factors of z.
251
Suppose 4*q = -3*j + 12842 + 27614, 5*j + 3*q - 67434 = 0. What are the prime factors of j?
2, 3, 281
Let c(r) be the first derivative of r**4/2 - 3*r**2 + 3*r - 15. Let j be c(2). Suppose -14*a = -j*a - 553. List the prime factors of a.
79
Suppose -5*h + 14510 = 4*u, -u = 4*h - 0*h - 11597. What are the prime factors of h?
2, 3, 7, 23
Suppose -12 = -r + 4*r, 2*k + 5*r = 94516. Suppose 19*c - k = -17*c. List the prime factors of c.
13, 101
What are the prime factors of (116/(-10) - -10)*(1 - 881) - 7?
3, 467
Suppose 2*g - 3*u + 8 = 0, -8 = g - 4*u + 1. List the prime factors of (-68 - (-1 - 0 - g))*-8.
2, 17
List the prime factors of (-140728)/(-112)*272/14.
2, 17, 359
Let b be (20 - (-3)/(-3))/((-2)/(-2)). Suppose 14*m - 1415 = b*m. Let s = -89 - m. What are the prime factors of s?
2, 97
What are the prime factors of 93/(-124)*(367118/133)/(3/(-14))?
9661
Let d(h) = h**3 + 11*h**2 - 25*h + 15. Let k be (-62)/(-4)*(-2)/(-1). Suppose 2*u - p + k = -0*u, p = -5*u - 60. What are the prime factors of d(u)?
2
Let m = 666 - -1031. What are the prime factors of m?
1697
Let d(w) = -67*w + 34. Let m be d(-14). Let s = -575 + m. What are the prime factors of s?
397
Suppose -3*i = 3*l - 3, -2*l = -3*l - 3*i + 7. List the prime factors of (-1)/l - ((-33726)/28)/3.
2, 3, 67
What are the prime factors of (-1077 + 1)/(65/117*6/(-5))?
2, 3, 269
Let m(c) = 0*c + 3*c**2 + 2*c + 3*c**3 - 24*c**3 - 6. Suppose 21*u = 48*u + 54. What are the prime factors of m(u)?
2, 5, 17
Let g be (6/(-2))/((-6)/(-6)). What are the prime factors of (g + 0 + 11)*(41 + -3)?
2, 19
Let t = -39 + 45. Suppose -w + t = 12. List the prime factors of w/(-4) - (-3 + 1011/(-6)).
173
Suppose 285 = 3*p + 3*g, 44*p - 4*g = 42*p + 160. Let a(x) = -x**3 + 45. Let o be a(0). Suppose -i + o = -p. List the prime factors of i.
3, 5
Let p be 45450/(-120) - 6/(-8). Let z = -225 - p. What are the prime factors of z?
3, 17
Let r = -2057 - -2060. Let n = 2 + -2. Suppose x = r*x + 5*d - 150, n = -4*d + 8. What are the prime factors of x?
2, 5, 7
Suppose -j - 41 = -16. Let r be ((-20)/(-7))/(-14 + (-1261)/(-91)). What are the prime factors of (-2552)/r - 10/j?
2
Suppose -288*b + 481*b - 8364620 = 0. What are the prime factors of b?
2, 5, 11, 197
Suppose -88*l = -94*l + 6660. Suppose 6*v = -l + 10944. What are the prime factors of v?
11, 149
Suppose 36*h = 3*x + 34*h - 8685, -5*x = 4*h - 14453. Let u = -1761 + x. List the prime factors of u.
2, 283
Let b = 121 - 87. Suppose s + 0*s = 4*i - 85, 0 = i + 4*s - b. Suppose y - i = -3*l + 160, 5*l = y + 290. List the prime factors of l.
59
Let g be (1336/6)/((-26)/39). Let l = g + 804. What are the prime factors of l?
2, 5, 47
What are the prime factors of (-5)/25*35 + 1*10313?
2, 5153
Let s(b) = -126*b + 3966. List the prime factors of s(12).
2, 3, 409
Let v = 5211 - 1993. What are the prime factors of v?
2, 1609
Let q be -1*(-4)/(-38) + (-80)/(-38). Suppose -2*v - o = -997, -2*v + 1634 - 632 = q*o. List the prime factors of v.
2, 31
Suppose -z + 3*n + 3740 = 0, n + 33608 = -0*z + 9*z. List the prime factors of z.
2, 1867
Let f(b) = 122*b + 5. Suppose -50 - 67 = -9*o. Suppose -s + o = 3*m, 2*s = s + 2*m - 7. What are the prime factors of f(s)?
127
Suppose 11*h = -5*h - 0*h. Let j(g) = 2*g**3 + g. Let z be j(1). Suppose 4*t = -3*d + z*t + 258, -t = h. List the prime factors of d.
2, 43
Let v be (864/84 + -11)/(2/(-14)). Suppose 492 = 2*k - 4*g, -5*k + v*g + 74 = -1166. What are the prime factors of k?
2, 5
Suppose -72*y + 77921 = 10313. What are the prime factors of y?
3, 313
Suppose 2*w - 36 = -5*j, 4*j + 2*w + 14 = 44. List the prime factors of j/4 + 33089/58.
2, 11, 13
Suppose 0 = 5*h + 12*t - 10*t - 37554, -6*h - 5*t = -45070. List the prime factors of h.
2, 5, 751
Let m(w) = 6*w**3 - 11*w**2 + 3*w + 12. Let z be m(-4). Let k = z + 1308. What are the prime factors of k?
2, 11, 17
Suppose 5*l - 4*l - 4*m = 59, 5*l + m = 190. Suppose 0*a + 59592 = l*a. What are the prime factors of a?
2, 191
Suppose -3*k - 5*q + 19625 = 0, 0 = 4*k + 2*q - 23435 - 2755. What are the prime factors of k?
2, 5, 131
Suppose 53*d = 54*d + 5. List the prime factors of d/(-10) - (-798)/4.
2, 5
Let k(g) be the first derivative of 4*g**2 + 75*g - 23. List the prime factors of k(-3).
3, 17
Let m = 20294 - 10530. What are the prime factors of m?
2, 2441
Suppose 5*z - 36327 = -2*x + 3436, 4*z + 5*x - 31790 = 0. List the prime factors of z.
5, 37, 43
Suppose -u - 7*k + 2940 = -2*k, -2*u + 2*k + 5904 = 0. List the prime factors of u.
2, 5, 59
Let v(o) = -3418*o + 722. List the prime factors of v(-10).
2, 3, 7, 277
Let m = -90048 + 126657. List the prime factors of m.
3, 12203
Suppose 0 = 3*v + t - 19, -v + 4*t + 9 = 4*v. Suppose 8 = -v*r + 3*r. List the prime factors of 140 + r - 4 - 3.
3, 43
Suppose 0 = 2*a - 5*t - 197, 0*a + 5*a - 2*t - 482 = 0. What are the prime factors of 113872/a - 5/(-6)?
1187
Suppose 4*q - h - 2408 = 0, -2*q + 797 + 425 = -5*h. Let t = q - -448. List the prime factors of t.
1049
Let b(a) = -85*a**3 + 9*a**2 - 55*a - 352. List the prime factors of b(-7).
29629
Let j = 44 - 48. Let r be 16/(-4) - (0 + j). Suppose -4*v - 4*n + 104 = r, 4*v + 4*n - 104 = 3*n. List the prime factors of v.
2, 13
Suppose 165 = 6*i - 357. Suppose 4*q - b - i = 2090, -3*q - 2*b = -1641. List the prime factors of q.
5, 109
Suppose 0*k - 4*k = 2*k. Suppose -2*q + 0*n = 2*n + 30, -2*q + 3*n - 25 = k. What are the prime factors of 1*7*(-316)/q?
2, 79
Let d(q) = 8*q + 16. Let u be d(-2). Suppose 145 = w - 2*g, -3*g + u = 15. List the prime factors of w.
3, 5
Let q = -1276 + 5047. Suppose -q = 14*x - 23*x. What are the prime factors of x?
419
Suppose 26*r - 48*r + 43364 = -9854. List the prime factors of r.
41, 59
Let q(m) = -8*m**3 - 7*m**2 - 3*m + 33. What are the prime factors of q(-3)?
3, 5, 13
Suppose w = 17 + 13. Let q = -174 + 175. List the prime factors of q + w + 2/2.
2
List the prime factors of (-1 + 3)*(-775829)/(-34) - 10.
3, 67, 227
Suppose 88 = -1292*v + 1303*v. Let f(p) be the first derivative of -2*p**3/3 + 9*p**2 + 11*p - 1. What are the prime factors of f(v)?
3
Suppose -204*f - 2009138 = -